{"id":78,"date":"2020-06-20T17:01:29","date_gmt":"2020-06-20T17:01:29","guid":{"rendered":"http:\/\/new.cubicmeter.org\/?page_id=78"},"modified":"2024-09-19T19:47:19","modified_gmt":"2024-09-19T19:47:19","slug":"about-us","status":"publish","type":"page","link":"http:\/\/new.cubicmeter.org\/?page_id=78","title":{"rendered":"About Us"},"content":{"rendered":"<div class=\"wp-block-image\">\n<figure class=\"alignright\"><img fetchpriority=\"high\" decoding=\"async\" width=\"364\" height=\"197\" src=\"http:\/\/new.cubicmeter.org\/wp-content\/uploads\/2020\/06\/No-Homer-text.png\" alt=\"\" class=\"wp-image-45\" srcset=\"http:\/\/new.cubicmeter.org\/wp-content\/uploads\/2020\/06\/No-Homer-text.png 364w, http:\/\/new.cubicmeter.org\/wp-content\/uploads\/2020\/06\/No-Homer-text-300x162.png 300w\" sizes=\"(max-width: 364px) 100vw, 364px\" \/><\/figure>\n<\/div>\n\n<div class=\"wp-block-image\">\n<figure class=\"alignleft\"><img decoding=\"async\" width=\"56\" height=\"42\" src=\"http:\/\/new.cubicmeter.org\/wp-content\/uploads\/2020\/06\/hoausschnitt-auge-m3.png\" alt=\"\" class=\"wp-image-47\"\/><\/figure>\n<\/div>\n\n\n<p><\/p>\n\n\n\n<p><\/p>\n\n\n\n<figure class=\"wp-block-image\"><img decoding=\"async\" width=\"1024\" height=\"680\" src=\"http:\/\/new.cubicmeter.org\/wp-content\/uploads\/2020\/06\/5-raum-1-1024x680.jpg\" alt=\"\" class=\"wp-image-11\" srcset=\"http:\/\/new.cubicmeter.org\/wp-content\/uploads\/2020\/06\/5-raum-1-1024x680.jpg 1024w, http:\/\/new.cubicmeter.org\/wp-content\/uploads\/2020\/06\/5-raum-1-300x199.jpg 300w, http:\/\/new.cubicmeter.org\/wp-content\/uploads\/2020\/06\/5-raum-1-768x510.jpg 768w\" sizes=\"(max-width: 767px) 89vw, (max-width: 1000px) 54vw, (max-width: 1071px) 543px, 580px\" \/><\/figure>\n\n\n\n<p><strong>cubicmeter coworking<\/strong> ist eine nette, gemischte B\u00fcrogemeinschaft im Herzen von Prenzlauer Berg. Das B\u00fcro liegt an der sonnigen Ecke Rodenberg\/Greifenhagener Stra\u00dfe, im Erdgeschoss, 300m von S+U-Sch\u00f6nhauser Allee entfernt.<\/p>\n\n\n\n<figure><iframe src=\"https:\/\/www.google.com\/maps\/embed?pb=!1m18!1m12!1m3!1d2426.0432182724935!2d13.416097451361896!3d52.55074314160384!2m3!1f0!2f0!3f0!3m2!1i1024!2i768!4f13.1!3m3!1m2!1s0x47a85207b13f21f3%3A0xd927a9338acc5fef!2sCubicMeter%20B%C3%BCrogemeinschaft!5e0!3m2!1sde!2sde!4v1592672612362!5m2!1sde!2sde\" allowfullscreen=\"\" width=\"400\" height=\"300\"><\/iframe><\/figure>\n\n\n\n<p>Wir haben 6 R\u00e4ume, eine Teek\u00fcche und einen kleinen Konferenzraum. Unsere maximal 22 Arbeitspl\u00e4tze werden immer fest vermietet&nbsp; &#8211; nach dem Motto: zusammen arbeiten, aber im eigenen B\u00fcro.&nbsp; Kurzfristiges Teilen von Schreibtischen, sowie t\u00e4gliche und w\u00f6chentliche Fluktuation, \u00fcberlassen wir lieber gr\u00f6\u00dferen Anbietern und &#8230;. den gro\u00dfartigen Cafes im Kiez!<\/p>\n","protected":false},"excerpt":{"rendered":"<p>cubicmeter coworking ist eine nette, gemischte B\u00fcrogemeinschaft im Herzen von Prenzlauer Berg. Das B\u00fcro liegt an der sonnigen Ecke Rodenberg\/Greifenhagener Stra\u00dfe, im Erdgeschoss, 300m von S+U-Sch\u00f6nhauser Allee entfernt. Wir haben 6 R\u00e4ume, eine Teek\u00fcche und einen kleinen Konferenzraum. Unsere maximal 22 Arbeitspl\u00e4tze werden immer fest vermietet&nbsp; &#8211; nach dem Motto: zusammen arbeiten, aber im eigenen &hellip; <\/p>\n<p class=\"link-more\"><a href=\"http:\/\/new.cubicmeter.org\/?page_id=78\" class=\"more-link\"><span class=\"screen-reader-text\">\u201eAbout Us\u201c<\/span> weiterlesen<\/a><\/p>\n","protected":false},"author":1,"featured_media":0,"parent":0,"menu_order":0,"comment_status":"closed","ping_status":"closed","template":"","meta":{"footnotes":""},"class_list":["post-78","page","type-page","status-publish","hentry"],"_links":{"self":[{"href":"http:\/\/new.cubicmeter.org\/index.php?rest_route=\/wp\/v2\/pages\/78","targetHints":{"allow":["GET"]}}],"collection":[{"href":"http:\/\/new.cubicmeter.org\/index.php?rest_route=\/wp\/v2\/pages"}],"about":[{"href":"http:\/\/new.cubicmeter.org\/index.php?rest_route=\/wp\/v2\/types\/page"}],"author":[{"embeddable":true,"href":"http:\/\/new.cubicmeter.org\/index.php?rest_route=\/wp\/v2\/users\/1"}],"replies":[{"embeddable":true,"href":"http:\/\/new.cubicmeter.org\/index.php?rest_route=%2Fwp%2Fv2%2Fcomments&post=78"}],"version-history":[{"count":8,"href":"http:\/\/new.cubicmeter.org\/index.php?rest_route=\/wp\/v2\/pages\/78\/revisions"}],"predecessor-version":[{"id":202,"href":"http:\/\/new.cubicmeter.org\/index.php?rest_route=\/wp\/v2\/pages\/78\/revisions\/202"}],"wp:attachment":[{"href":"http:\/\/new.cubicmeter.org\/index.php?rest_route=%2Fwp%2Fv2%2Fmedia&parent=78"}],"curies":[{"name":"wp","href":"https:\/\/api.w.org\/{rel}","templated":true}]}}

<div class="wp-block-image">
<figure class="alignright"><img fetchpriority="high" decoding="async" width="364" height="197" src="http://new.cubicmeter.org/wp-content/uploads/2020/06/No-Homer-text.png" alt="" class="wp-image-45" srcset="http://new.cubicmeter.org/wp-content/uploads/2020/06/No-Homer-text.png 364w, http://new.cubicmeter.org/wp-content/uploads/2020/06/No-Homer-text-300x162.png 300w" sizes="(max-width: 364px) 100vw, 364px" /></figure>
</div>

<div class="wp-block-image">
<figure class="alignleft"><img decoding="async" width="56" height="42" src="http://new.cubicmeter.org/wp-content/uploads/2020/06/hoausschnitt-auge-m3.png" alt="" class="wp-image-47"/></figure>
</div>


<p></p>



<p></p>



<figure class="wp-block-image"><img decoding="async" width="1024" height="680" src="http://new.cubicmeter.org/wp-content/uploads/2020/06/5-raum-1-1024x680.jpg" alt="" class="wp-image-11" srcset="http://new.cubicmeter.org/wp-content/uploads/2020/06/5-raum-1-1024x680.jpg 1024w, http://new.cubicmeter.org/wp-content/uploads/2020/06/5-raum-1-300x199.jpg 300w, http://new.cubicmeter.org/wp-content/uploads/2020/06/5-raum-1-768x510.jpg 768w" sizes="(max-width: 767px) 89vw, (max-width: 1000px) 54vw, (max-width: 1071px) 543px, 580px" /></figure>



<p><strong>cubicmeter coworking</strong> ist eine nette, gemischte Bürogemeinschaft im Herzen von Prenzlauer Berg. Das Büro liegt an der sonnigen Ecke Rodenberg/Greifenhagener Straße, im Erdgeschoss, 300m von S+U-Schönhauser Allee entfernt.</p>



<figure><iframe src="https://www.google.com/maps/embed?pb=!1m18!1m12!1m3!1d2426.0432182724935!2d13.416097451361896!3d52.55074314160384!2m3!1f0!2f0!3f0!3m2!1i1024!2i768!4f13.1!3m3!1m2!1s0x47a85207b13f21f3%3A0xd927a9338acc5fef!2sCubicMeter%20B%C3%BCrogemeinschaft!5e0!3m2!1sde!2sde!4v1592672612362!5m2!1sde!2sde" allowfullscreen="" width="400" height="300"></iframe></figure>



<p>Wir haben 6 Räume, eine Teeküche und einen kleinen Konferenzraum. Unsere maximal 22 Arbeitsplätze werden immer fest vermietet&nbsp; &#8211; nach dem Motto: zusammen arbeiten, aber im eigenen Büro.&nbsp; Kurzfristiges Teilen von Schreibtischen, sowie tägliche und wöchentliche Fluktuation, überlassen wir lieber größeren Anbietern und &#8230;. den großartigen Cafes im Kiez!</p>

<p>cubicmeter coworking ist eine nette, gemischte Bürogemeinschaft im Herzen von Prenzlauer Berg. Das Büro liegt an der sonnigen Ecke Rodenberg/Greifenhagener Straße, im Erdgeschoss, 300m von S+U-Schönhauser Allee entfernt. Wir haben 6 Räume, eine Teeküche und einen kleinen Konferenzraum. Unsere maximal 22 Arbeitsplätze werden immer fest vermietet&nbsp; &#8211; nach dem Motto: zusammen arbeiten, aber im eigenen &hellip; </p>
<p class="link-more"><a href="http://new.cubicmeter.org/?page_id=78" class="more-link"><span class="screen-reader-text">„About Us“</span> weiterlesen</a></p>
